3
-112210110212
-1647720 (base 9) to base 11
-577503
34a519 (base 11) to base 9
1036181
-147641 (base 16) to base 6
-44424145
Convert 557347 (base 10) to base 13.
1668bb
What is 20120212 (base 3) in base 14?
1a70
-ca9ce3 (base 15) to base 8
-44643506
-3365690 (base 10) to base 9
-6288765
1659c67 (base 13) to base 5
3322004013
Convert -496d42 (base 16) to base 12.
-1740942
What is 1001010101010000100110 (base 2) in base 11?
1420aa7
10122222 (base 5) to base 10
82812
-31902 (base 10) to base 8
-76236
Convert -1401444430 (base 5) to base 13.
-97254a
26bcc (base 14) to base 9
155157
2256908 (base 13) to base 10
10553720
1476215 (base 9) to base 16
c7bc2
What is -1e8405 (base 16) in base 3?
-10202121022112
-302264 (base 14) to base 9
-3037407
Convert 3000401332 (base 5) to base 7.
100624542
-5653008 (base 9) to base 16
-2e7c63
38616 (base 12) to base 14
2005c
Convert 626d3d (base 14) to base 13.
8c45a4
-ff800 (base 16) to base 14
-1d3560
Convert 11110010000101100111000 (base 2) to base 6.
442005332
Convert -1513 (base 13) to base 11.
-2330
-834456 (base 15) to base 13
-13a6b14
Convert -16602320 (base 7) to base 10.
-1631126
What is 11315140 (base 7) in base 12?
40033a
1e2e8b (base 16) to base 12
7b480b
Convert -306223 (base 9) to base 6.
-3521120
-22424231 (base 5) to base 3
-101020211200
Convert -110323012 (base 4) to base 13.
-30016
Convert 14923463 (base 10) to base 15.
149bb78
What is 134205330 (base 6) in base 14?
50c3c2
-64a7b (base 14) to base 7
-2033014
What is 1200112112120 (base 3) in base 10?
896334
What is 2cd998 (base 15) in base 14?
40791b
101100000111101111010000 (base 2) to base 6
1051522240
What is -323233202 (base 4) in base 16?
-3bbe2
What is 216c9 (base 16) in base 15?
2a870
-888800 (base 11) to base 5
-330322102
Convert -101011110001111000011001 (base 2) to base 14.
-174a585
What is 4337 (base 9) in base 11?
2443
1000112101 (base 3) to base 5
1120241
2242243224 (base 5) to base 11
2932a58
Convert -16015006 (base 7) to base 2.
-101110110011001110111
Convert -110010111010010100000 (base 2) to base 6.
-55431224
What is -73881 (base 9) in base 6?
-1014031
-6266230 (base 7) to base 10
-756091
3370ad (base 15) to base 16
25711c
What is 8db8c (base 14) in base 11?
216461
Convert 25362005 (base 7) to base 4.
20301232301
What is -109cc0 (base 15) in base 2?
-11000001100000110110
What is -110100000000011100 (base 2) in base 5?
-23304040
96816b (base 12) to base 3
11110210221102
Convert 741788 (base 11) to base 3.
2020100220020
What is -7ab08 (base 12) in base 11?
-102263
11131210 (base 5) to base 2
11000001001110010
-3436632 (base 8) to base 10
-933274
What is -63662126 (base 7) in base 5?
-2341111313
Convert 2635422 (base 7) to base 14.
8db82
What is -12030141 (base 5) in base 14?
-2c7ba
Convert 1017 (base 8) to base 3.
201112
Convert -213021322 (base 4) to base 14.
-42638
Convert -615056 (base 7) to base 2.
-11001101000100111
Convert 1c845 (base 15) to base 8.
265476
Convert -354c1 (base 15) to base 11.
-106662
What is -308467 (base 9) in base 3?
-100022112021
What is 286472 (base 15) in base 2?
111011010110110101111
What is 3752040 (base 9) in base 4?
13302201231
Convert -201112021332 (base 4) to base 15.
-b7a11c
-9d58 (base 16) to base 13
-15446
161685 (base 10) to base 4
213132111
Convert -6f71f (base 16) to base 2.
-1101111011100011111
Convert 34520330 (base 6) to base 15.
1616c0
What is -3606501 (base 7) in base 13?
-12c7a1
11100001010000101101111 (base 2) to base 3
111220000022200
-3010032002 (base 4) to base 3
-1111211111012
Convert -322322203 (base 6) to base 13.
-1252b06
Convert 463584 (base 9) to base 7.
2236111
Convert 7783652 (base 9) to base 6.
225435502
101220111100022 (base 3) to base 15
797755
Convert -61672 (base 13) to base 8.
-525116
What is -2031100214 (base 5) in base 10?
-4159434
What is 290180 (base 10) in base 7?
2316002
1156002 (base 7) to base 6
3103333
-223ce3 (base 15) to base 10
-1633038
Convert 770161 (base 10) to base 5.
144121121
2145218 (base 9) to base 10
1151999
-401878 (base 10) to base 3
-202102021101
What is -33313101 (base 6) in base 2?
-11110101011000011101
What is 17aebe (base 16) in base 14?
2c5898
Convert -1556b9 (base 15) to base 10.
-1030899
Convert -111202012102 (base 3) to base 13.
-9622a
Convert 232737 (base 13) to base 3.
1120100212220
What is -220321013 (base 4) in base 9?
-274675
Convert 200810 (base 13) to base 4.
2311220033
-11412000 (base 5) to base 11
-73537
Convert 10111010010100111 (base 2) to base 16.
174a7
Convert -111604 (base 7) to base 3.
-1000020011
2351220 (base 7) to base 12
124683
What is -21000140 (base 5) in base 12?
-835a8
-144036 (base 12) to base 6
-11132110
-4a1572 (base 11) to base 15
-109cbe
10100001010001110000 (base 2) to base 12
27a354
What is 20300311132 (base 4) in base 8?
10606536
-103124040 (base 5) to base 7
-3521532
Convert -70603 (base 12) to base 14.
-3b2dd
What is -329497 (base 11) in base 7?
-4314424
What is -131021003 (base 4) in base 16?
-1d243
What is 1d097 (base 14) in base 11?
50844
Convert -bc32d (base 15) to base 6.
-20452541
Convert -2584903 (base 10) to base 7.
-30654106
39aa1 (base 11) to base 7
325555
Convert -68426 (base 9) to base 10.
-45546
What is -48923 (base 12) in base 8?
-277453
What is -2364a25 (base 11) in base 2?
-1111101110000001101010
-174bad3 (base 14) to base 13
-24bc59a
-224111 (base 5) to base 14
-2cd9
What is 3103101 (base 4) in base 3?
200112210
18a244 (base 14) to base 7
10264214
4b965 (base 13) to base 2
100010001011101111
Convert -5716206 (base 8) to base 9.
-2817561
-4491798 (base 10) to base 14
-84cd4a
-63cbc (base 13) to base 8
-537654
Convert -102534 (base 7) to base 2.
-100010101100011
What is -141479 (base 11) in base 15?
-4597b
Convert -2124300 (base 5) to base 3.
-1211122202
3062050 (base 8) to base 9
1466852
Convert -6a084 (base 14) to base 6.
-5310404
Convert e916b (base 15) to base 7.
6166556
Convert -1392206 (base 10) to base 14.
-283514
-7a9b10 (base 12) to base 6
-110051220
What is 99769b (base 12) in base 2?
1001010011100000010111
Convert 10bb99 (base 14) to base 4.
2023032323
Convert -3ab971 (base 13) to base 10.
-1425269
What is 222141320 (base 5) in base 6?
32515545
What is 3e7b31 (base 16) in base 2?
1111100111101100110001
-452739 (base 11) to base 8
-2600100
-1705142 (base 9) to base 5
-220323143
333040020 (base 5) to base 16
163613
What is -10202020211201 (base 3) in base 16?
-1e690a
Convert 211331213 (base 4) to base 12.
75b9b
-233121320 (base 4) to base 5
-22203133
29d908 (base 16) to base 5
1200230121
Convert -14062105 (base 8) to base 3.
-12222010100011
What is 1000011111110011011 (base 2) in base 3?
112010221010
497c1 (base 15) to base 12
b3947
Convert 110112110120 (base 3) to base 6.
5142153
-4117 (base 16) to base 12
-9787
-20313332323 (base 4) to base 15
-30e4c4
Convert -31221 (base 9) to base 5.
-1124333
Convert -1a0714 (base 16) to base 15.
-23a618
Convert 10001100000101010010 (base 2) to base 8.
2140522
What is 12110211000 (base 3) in base 8?
322355
Convert -10100010110 (base 2) to base 5.
-20202
-1111222022122 (base 3) to base 10
-806507
What is 10000000101100011010110 (base 2) in base 10?
4217046
What is -35332 (base 14) in base 10?
-129600
22a472 (base 11) to base 15
73357
-1bba7 (base 14) to base 11
-492a8
Convert -3053120 (base 6) to base 3.
-21110211210
Convert -20316636 (base 7) to base 2.
-110011111100110001111
Convert -7cb7e1 (base 15) to base 9.
-12186334
-1010200122 (base 3) to base 8
-53545
Convert 48c56a (base 13) to base 3.
10021110010220
73a9b3 (base 13) to base 3
12002121012001
9403d (base 14) to base 13
c6513
What is -2bb7b (base 15) in base 11?
-96a01
Convert 136362042 (base 7) to base 16.
896f13
Convert 7a314 (base 11) to base 10.
116175
Convert 9720 (base 12) to base 14.
6088
What is -230976 (base 10) in base 12?
-b1800
-3053062 (base 7) to base 8
-1312711
Convert 1c7b5 (base 15) to base 13.
3336b
What is -1217351 (base 9) in base 15?
-d0ee7
Convert -2874c (base 16) to base 13.
-5a56a
What is 116871 (base 10) in base 7?
664506
What is -11034 (base 13) in base 3?
-1120020210
1255352414 (base 6) to base 15
14d4257
2a07 (base 14) to base 4
1310133
56417 (base 11) to base 9
134050
Convert 1515199 (base 12) to base 4.
100033333011
Convert -120002001 (base 5) to base 